s of (105/t)/5*2.
7
Let z(m) = -5*m - 1. Let a be (-1)/3 - 32/(-6). Let w = 4 - a. What are the prime factors of z(w)?
2
Suppose 13*f = 5*f + 2544. What are the prime factors of f?
2, 3, 53
Suppose 0 = -7*q + 396 + 220. What are the prime factors of q?
2, 11
Suppose -2*h - 25 = -7*h + 2*d, 0 = -5*d. Suppose 0 = n + 4*n - h. What are the prime factors of -1*n - (-8 - 9)?
2
Suppose 4*h = -h + 150. Suppose f - 4*f = -h. List the prime factors of f.
2, 5
Let k = -44 + 68. What are the prime factors of (-3 + -9)*k/(-9)?
2
Suppose c - 66 = 28. Let k = c + -52. Suppose 4*f + 23 = 5*p + 84, 3*f - k = 5*p. List the prime factors of f.
19
Suppose 0 = -3*o + 23 - 8. Suppose -4*h = o*a, 0*a - 2*a = -5*h - 33. What are the prime factors of a?
2
Suppose 3*c - 5*v = 88 + 38, 0 = 5*c + v - 182. What are the prime factors of c?
37
Let c(t) = 4*t**2 + 2*t - 4. List the prime factors of c(-3).
2, 13
Let r = 342 - 191. What are the prime factors of r?
151
Let h(b) = -b**3 + 12*b**2 + 4*b - 8. List the prime factors of h(12).
2, 5
Let s be 23/7 - 2/7. Suppose -5*u - s*o = -15 - 7, 0 = 2*u + 4*o - 20. Suppose u*g - 2*c = 6 + 24, -2*g - c = -15. List the prime factors of g.
2, 5
Let k = -3 - -4. Let v(g) = 3*g**2 - 2*g + 1. Let w be v(k). Suppose -9 = -w*f + f. What are the prime factors of f?
3
Let h be -2*(-4*2)/2. Suppose h*x = 3*x + 5. List the prime factors of x*-21*-1 + -1.
2, 5
Let i be 2/(-6 + 2)*0. Let r = i + 4. Suppose -3*m = -4*t - 79, -r*t + 72 = 4*m - t. What are the prime factors of m?
3, 7
Suppose k - 54 = -3*l, 5*k + 0*l = 2*l + 355. List the prime factors of k.
3, 23
Let r = -16 - -35. Let t = r + -13. List the prime factors of t.
2, 3
Suppose 5*s + 4 + 1 = 0. Let a(h) be the second derivative of -5*h**3/2 + h**2/2 - h. List the prime factors of a(s).
2
Suppose 0*x + 2*y = -4*x - 8, -5*x - 5*y - 20 = 0. Let s = x + -3. List the prime factors of (14/(-4))/(s/6).
7
Let a(g) = g**3 + 10*g**2 - g - 6. Let x be a(-10). Suppose l - 62 = -x*m, -4*l - 2*m + 220 = -0*l. List the prime factors of l.
2, 3
Suppose -14*x + 13*x = -128. List the prime factors of x.
2
List the prime factors of (1 - 3)*1 + 32.
2, 3, 5
Let v be 1*2 - (-57 + 9). What are the prime factors of (v - 11)/((-6)/(-8))?
2, 13
Let d = -10 - -20. List the prime factors of (-1)/(-2) - (-195)/d.
2, 5
Suppose 0*o - 2*t = -o + 17, 5*o - 2*t = 85. What are the prime factors of o?
17
Let u(c) = c + 160. What are the prime factors of u(0)?
2, 5
Let n be -1 - 1 - (-10 - -3). Let b = 9 - n. Let l = b + 4. List the prime factors of l.
2
Suppose m + 8 = -m, l = 3*m + 14. Suppose -4*g = -2*g - l. Let w = g - -1. What are the prime factors of w?
2
Let n(a) = -2*a**2 + 10*a + 10. Let w be n(8). Let r = w - -56. List the prime factors of r.
2, 3
Let u = -40 - -28. Let g = 18 + u. What are the prime factors of g?
2, 3
Let n be 2 + (1 - -1) + -3. Let o = 4 - n. Let t = o + 1. What are the prime factors of t?
2
Suppose -3*l = -5*b - 7 - 17, 0 = -5*b. Suppose -52 = 4*c - l*c. What are the prime factors of c?
13
Let w(k) = 4*k**2 - 6*k + 3. What are the prime factors of w(5)?
73
Suppose m - 3*d = 49, -2*m - 4*d - 7 = -55. List the prime factors of m.
2, 17
Suppose 2*o = 5*o - 5*s - 29, s = -3*o + 5. Let b be 4/(-6)*(0 + -36). Suppose 3*u = 3*q - 18 - b, o*u = 4*q - 51. What are the prime factors of q?
3
Let c = -11 - -7. Let x = 8 + c. Suppose x*f + 4*b + 4 = 0, 2*f - 2*b = -f + 12. List the prime factors of f.
2
Suppose -4*j = -2*r - 442, 0 = 2*j - 2*r - 0*r - 216. What are the prime factors of j?
113
Let m = -6 - -13. Suppose -m*s + 64 = -3*s. List the prime factors of s.
2
Suppose 146 = 2*p - 0*h + 4*h, -5*p + 4*h = -309. List the prime factors of p.
5, 13
Let p be (6/8)/((-1)/(-4)). Let a = p - -3. List the prime factors of (1*-2)/((-2)/a).
2, 3
Suppose -u + 3*s = -12, 3*s + 7 + 2 = 0. Suppose -u - 5 = -4*p. List the prime factors of p.
2
Suppose 4 = 2*a - 4. Suppose -5*m + 39 = a*f, -2*m = 4*f - 0*m - 54. What are the prime factors of f?
2
Suppose 2*a = 3*o - 32, -3*a + 60 + 11 = 4*o. What are the prime factors of 214/o - (-4)/(-14)?
3, 5
Let s = -48 + 3. List the prime factors of (-1545)/s - 1/3.
2, 17
Suppose 4*s = -35 - 105. Let x = s + 25. What are the prime factors of 53/5 + (-4)/x?
11
Suppose 4*n - n - 51 = 0. What are the prime factors of n?
17
Let j = 13 - 9. Suppose -j*w = -30 + 6. What are the prime factors of w?
2, 3
List the prime factors of 4/14 + (-5)/(35/(-348)).
2, 5
Let o be (3 - 6)/((-6)/236). Let n = o - 77. List the prime factors of n.
41
Let n = -273 + 400. List the prime factors of n.
127
Suppose 0*s + 24 = 4*s - 3*d, 4*s + 3*d = 24. Let h be 4/s*-3 - -4. Suppose -10 = -h*l + 6. What are the prime factors of l?
2
Let d = 192 + -93. What are the prime factors of d?
3, 11
Let d(c) = c**3 - 4*c**2 - 4. List the prime factors of d(5).
3, 7
Let z(o) = o**3 + o**2 - 2*o + 1. Let l be z(-2). Let t = 88 + -96. Let v = l - t. List the prime factors of v.
3
Suppose 4*h = 59 + 189. What are the prime factors of h/5 + 6/(-15)?
2, 3
Suppose 0 = 6*z - 2*z + 16. Let h be ((-20)/(-6))/((-1)/(-3)). Let s = h + z. What are the prime factors of s?
2, 3
Let z be 6/3 + -2 + 18. Suppose 2*t = 5*l - 64, 88 - z = -3*t + l. List the prime factors of (-10)/55 + (-268)/t.
2, 3
What are the prime factors of 8*(-21)/(-6)*1?
2, 7
Suppose z - 3*z = 0. Suppose -o = -z*o + 4*g - 7, -3*g = 0. Suppose 0 = b - 4 - o. List the prime factors of b.
11
Let b(t) = t**2 + 5*t + 6. Let j be -12*((-9)/6 - -2). List the prime factors of b(j).
2, 3
What are the prime factors of 503/2 + (12/(-8) - -1)?
251
Let p be (18/15)/(4/(-10)). Let v = p + 5. Suppose -42 = -v*n - n. What are the prime factors of n?
2, 7
Suppose 0 = -4*b + 105 + 415. What are the prime factors of b?
2, 5, 13
Suppose -2*b - 26 = -3*j + 2, -b + 40 = 3*j. Let p = -43 + 65. Let k = p - j. List the prime factors of k.
2, 5
Let u(d) = d**2 + 7*d + 3. List the prime factors of u(6).
3
Let i = 520 + -240. List the prime factors of i.
2, 5, 7
Let z(y) = -y**2 + 5*y. Let t be z(5). Suppose -3*o + 70 + 38 = t. What are the prime factors of o?
2, 3
Let o(z) = 2*z**3 + 2*z**2 + 3*z - 3. List the prime factors of o(3).
2, 3, 13
Let u = 22 - 16. Suppose u = 2*x - x. List the prime factors of x.
2, 3
Let n(x) = -9*x - 1. Let t(j) = -j. Let m be t(2). What are the prime factors of n(m)?
17
List the prime factors of (45/12)/((-6)/(-48)).
2, 3, 5
Suppose 7*k - 4*k = 60. Suppose k = 2*b - 12. What are the prime factors of b?
2
Let y(b) = 3*b**3 - 2*b**2 + b. Let o be y(1). Suppose -o*f + 3 = -11. List the prime factors of f.
7
Suppose -4*v = 6*v - 1160. What are the prime factors of v?
2, 29
Let d(g) be the first derivative of g**3/3 - 5*g**2/2 - 3*g + 1. What are the prime factors of d(6)?
3
Let n(i) = i**3 - 8*i**2 + 2. Let u be n(8). Suppose 4*m - 3*o - 23 = 0, 5*o = u*m + m - 31. Suppose 60 = m*s + 3*s. List the prime factors of s.
2, 3
Suppose 4*j = 2*j + 366. What are the prime factors of j?
3, 61
Let y(z) = -z + 84. What are the prime factors of y(31)?
53
Let y = -36 - -66. List the prime factors of y.
2, 3, 5
Let x be (-63)/(-15) - (-2)/(-10). Let f = x - 1. List the prime factors of ((-11)/3)/((-1)/f).
11
Let d be 1/((-2)/(-10)) + 2. Let k = -4 + d. Suppose -5 = -2*y + 5*r + k, -y - 5*r + 4 = 0. What are the prime factors of y?
2
Let f = -27 + 52. What are the prime factors of f?
5
Let k be 3 + -3 + (1 - -47). Suppose -5*d + 2*l = k, 2*d - 3*l = -0*d - 28. Let j(i) = -i**2 - 8*i + 8. What are the prime factors of j(d)?
2
Let j = 3 + 22. Suppose -j = -f - 4*f. List the prime factors of f.
5
Let i(c) = -1 + 2*c - 3*c**3 + 33*c**3 - c. What are the prime factors of i(1)?
2, 3, 5
List the prime factors of (1012/(-4) - -2)/(-1).
251
Suppose -3*s - 2*a + 41 = 2*a, 0 = -3*s + 2*a + 47. Let g = s + 2. List the prime factors of g.
17
Let s = 184 + -72. List the prime factors of s.
2, 7
Let v(s) = 2*s**2 - 7*s - 7. What are the prime factors of v(7)?
2, 3, 7
Suppose 5*q - 468 - 72 = 0. List the prime factors of q.
2, 3
Let w(o) = o - 5. Let m be w(-6). Let p = m + 15. What are the prime factors of (p/(-8))/((-1)/10)?
5
Let o = -79 + 19. What are the prime factors of (-3)/(-3 + (-171)/o)?
2, 5
Let a(f) be the first derivative of -19*f**2/2 - f - 4. What are the prime factors 